k*4 a composite number?
False
Suppose -4*i = 5*k - 882 - 1400, -3*k = 5*i - 2846. Suppose 4*m + 672 = -i. Let y = 573 + m. Is y a composite number?
False
Let f be 316/26 + 44/(-286). Let u(g) = 6*g**3 - 7*g**2 - 12*g + 23. Let r be u(f). Suppose 2*a - m = 3695, -5*a - 2*m + 6*m = -r. Is a a prime number?
True
Suppose -526*c = -509*c - 4487711. Is c a composite number?
False
Suppose 5*p + 22920 = 5*b + 3*p, -b = -4*p - 4584. Let k = b + -2966. Suppose -2*d - 3220 = -0*i - 4*i, -3*d = -2*i + k. Is i a prime number?
False
Let f(g) = g + 6. Let k be f(-3). Let x(j) = j**2 - 47 - 2*j**2 - 2*j**k + 176 + 542 + 2*j. Is x(0) a composite number?
True
Suppose 3*l - 33210 + 7860 = 0. Suppose -13*d = -8*d + l. Let y = -539 - d. Is y a prime number?
True
Suppose -14*o + 32*o + 94104 = 0. Let z = 2873 - o. Is z composite?
False
Let a(f) = -4*f + 51. Let z be a(6). Suppose z = -2*b + 9. Is (9942/b)/((-16)/24) a prime number?
True
Let j(a) = 21*a**2 + 9*a - 13*a**2 - 7*a - 103. Is j(-14) composite?
True
Suppose -2*y + 2 = -5*v - 0, 0 = -3*v - 3*y + 3. Is -25 + 20 - (-1086 + v) a composite number?
True
Let u(x) = x**2 + x. Suppose s - 2 + 1 = 0. Let f(n) = n**2 + n - 11. Let h(z) = s*f(z) + 5*u(z). Is h(13) a composite number?
True
Suppose 6*j - 479 = 673. Let q = -1 + j. Is q prime?
True
Suppose 79*t = 82*t + 5487. Is (-2 + t)/(4/((-4)/1)) a prime number?
True
Let s(h) = 9 + 327*h**2 - 2*h + 3*h + 2*h + 4*h. Is s(4) a composite number?
True
Suppose -5*q + 10*q + 25 = 0, l = -5*q. Suppose 18*v + 25501 = l*v. Is v a composite number?
False
Let f(w) = -w**2 + 24*w + 32. Let k be f(25). Suppose 5*q = 2*s + 525, -5*s = k*q - 3*q - 387. Is q a prime number?
True
Suppose 40*q = 36*q - 100. Let g(v) = -23*v - 2. Is g(q) a prime number?
False
Is ((-2)/2)/(26/(-437086)) composite?
False
Let i = -156 + 2424. Suppose 3*w = 11829 + i. Is w a composite number?
True
Suppose -42024 = -397*x + 363*x. Let m = 330 + 377. Let i = x - m. Is i a composite number?
True
Suppose -8*n + 2*w + 14 = -6*n, -5*n + w + 23 = 0. Suppose -2*p - 39376 = -2*a, -2*a + n*a + 3*p = 39401. Is a composite?
True
Let y be ((-1)/4)/((-2)/8). Suppose -12*j + 49 = y. Is -2586*j/(-56) + (-6)/(-21) composite?
True
Let s(z) = -z + 12588. Let u be s(0). Suppose -4*x - 4*l = -u, -5*x + 17315 - 1552 = -2*l. Is x prime?
False
Suppose -6*s + 944 - 366 = -586. Is s prime?
False
Suppose 21 = -28*c + 35*c. Suppose -5*y + 647 + 4299 = c*w, -2*w = 3*y - 2967. Is y composite?
False
Let i = 115883 - 63232. Is i a prime number?
False
Suppose 6218 = w - 6702. Let l = w - 9127. Is l prime?
True
Is 3*(386927488/240 + (-6)/90*3) composite?
False
Let r(o) = -272268*o + 1625. Is r(-3) a composite number?
False
Let h be 104/14 + (-52)/(-91). Suppose -2*o - 2 = -h. Suppose 0 = -3*v + 4*d + 929, -564 = -o*v - d + 355. Is v composite?
False
Let v(p) = -2*p**3 + 5*p**2 + 28*p + 37. Let o(n) = n**3 - 15*n**2 + 15*n - 26. Let m be o(14). Is v(m) composite?
False
Let c(s) = -s**2 + 4*s. Let j be c(3). Let x = 1311 - 362. Suppose -x = -j*p + 2. Is p prime?
True
Suppose 9*x - 6*x = 3*m + 3525, 3*x - 2345 = 2*m. Let f = 2777 + m. Is f a prime number?
True
Let i be 24/56 - (-11)/7. Let b = -750 - -1268. Suppose -3*n + 1534 = -0*s + i*s, -b = -n + s. Is n a prime number?
False
Let m(q) = 184403*q + 16393. Is m(6) a prime number?
True
Suppose 5*s = -15 + 10. Let i(r) = 2*r**2 - 5*r - 4. Let u be i(s). Suppose -4*k = 16, -2*d + 3*d + u*k = 475. Is d a prime number?
True
Let k(g) = 26*g**2 - 5 - 55*g**2 + 26*g**2 + 3*g - g**3. Let a be k(-4). Let d = 110 - a. Is d prime?
False
Suppose -3 = -2*s + 3. Suppose v = -4*v - 4*y + 11, 0 = -s*v - 3*y + 9. Is v + 391 + 4/(-4) a composite number?
False
Let g = -1 + 20. Let a = g - 5. Suppose -a*k = -12*k - 1130. Is k composite?
True
Suppose 4*j + 3*r = -0*r - 18, 2 = r. Is 0 - (2 + -5335 + j) a prime number?
False
Let g = -1064599 + 3241184. Is g prime?
False
Let a(c) be the first derivative of -111*c**2 - 55*c - 57. Is a(-9) a composite number?
True
Suppose -4*r + 172851 = 2*f - 64403, -r - 593168 = -5*f. Is f prime?
True
Let d be (-6)/9 + -1 + 22/6. Suppose -528 = -d*n + n. Is n/5 + (-2)/(-5) prime?
False
Let v be ((-36)/30)/(2/10*-1). Let x(m) = -m**2 + 4*m - 3. Let j be x(v). Is (-4)/((-40)/25)*(-18222)/j a prime number?
True
Let s(v) = 145687*v - 339. Is s(2) prime?
False
Let z(p) be the second derivative of -p**4/2 + 33*p**3 - 29*p**2/2 - 19*p - 4. Is z(32) composite?
False
Suppose 13 = -5*h + 18. Suppose -f - h = -3. Suppose -f*a + 2367 = a. Is a prime?
False
Suppose 722*h - 715*h - 788123 = 0. Is h a prime number?
True
Let p be (-20525)/3 - 32/(-48). Let x = p - -13962. Is x a composite number?
False
Suppose -2*v + 59604 = 5*g, 24*g = -4*v + 25*g + 119164. Suppose -7*m + 17969 = -v. Is m a composite number?
False
Let a = 125 - 124. Let y(p) = 187*p**3 - 2*p**2 + p + 1. Is y(a) a prime number?
False
Let b(p) = 58618*p**2 + 52*p + 9. Is b(-4) composite?
True
Let x(f) = 23*f**2 + 42*f + 7. Let l be (38/57)/(1/9). Is x(l) composite?
False
Let d = -45 - -71. Suppose 32*f - 12042 = d*f. Suppose 3*p - 2*g + f = 6*p, -2662 = -4*p + 2*g. Is p a prime number?
False
Let s be (30/40)/((-1)/(-4)). Is (-2)/(-4)*(33194 + -3 + s) a prime number?
False
Let f be 3 + 39/(-12) - (-630)/(-72). Let z(h) = -250*h - 67. Is z(f) a prime number?
False
Let j be ((-578)/(-4))/((-1)/(-10)). Suppose o = 4*f - 7957, -f + 3*o + 547 = -j. Let r = f + -1298. Is r a prime number?
True
Let i = -13443 + 34052. Is i prime?
False
Suppose -27*y + 4233451 = 82*y. Is y a prime number?
True
Suppose 0*l + 18*l = 6347335 + 2884703. Is l a composite number?
False
Suppose 2*t - 48820 = 5*z - 334543, 0 = -2*z - 4*t + 114294. Let y = 81944 - z. Is y composite?
False
Let m(t) = 44*t**2 + 3*t - 8. Let c be m(10). Suppose -2*f = 4*f - c. Suppose 0 = 2*z - 5*b - f, -2*b - 740 = -2*z - 0*b. Is z prime?
False
Let c = 7 + -13. Let k be (c/4)/((-7)/14). Suppose -n - 1031 = -k*n + 3*m, -4*m = 2*n - 1038. Is n a composite number?
True
Let i(h) = -h**2 - 11*h - 10. Let j be (22/4)/((-2)/4). Let p be i(j). Is 2715/p*(-20)/6 a prime number?
False
Let t(q) = -25*q + 3. Let y be (24/3 - 1)*2. Suppose y = -0*a - 7*a. Is t(a) prime?
True
Let v(f) = 285*f - 11. Let j be v(25). Suppose -c - j = c. Let s = 9910 + c. Is s a composite number?
False
Suppose -4*s + 7*s = 246. Let x = s + -80. Suppose 2*l = -g + 329, 347 = x*l - 7*g + 2*g. Is l prime?
False
Is (-8)/(-8)*((16847 - 4) + 0) a prime number?
True
Let q = -46501 + 129338. Is q prime?
True
Let g(o) = 109985*o**3 + o**2 + 7*o - 6. Is g(1) prime?
True
Let a(c) = -c**3 - 12*c**2 + 20*c - 17. Let f = 27 - 33. Let x be 3/2*-10 + (f - -6). Is a(x) composite?
True
Let o(h) = -2*h**3 + 14*h**2 + 17*h - 15. Let f be o(8). Let r(t) = -4 - 29 - 23*t - 22*t - 19*t. Is r(f) prime?
False
Let q(j) = 65*j**3 - 18*j**2 - 22*j + 47. Let i(y) = -22*y**3 + 6*y**2 + 7*y - 16. Let m(a) = -8*i(a) - 3*q(a). Is m(-4) a composite number?
False
Let q be (-11)/9 + 1 + 479/9. Suppose -m + 2*m = -31. Let w = q + m. Is w prime?
False
Suppose -2*n + 16575 = -3*f, -13*n - 4*f = -17*n + 33156. Suppose 6*o - n = 14610. Is o composite?
True
Suppose 198 = 2*k + 107 + 103. Suppose -l + 14 = -4*g + 2*g, 0 = l - 5*g - 26. Is (3/k)/(l/(-13812)) a prime number?
True
Suppose 0*o = 2*x + 3*o - 15, -4*o + 20 = 2*x. Suppose 13*m - 12*m = x. Suppose m = r - 3*p - 250, 2*r - 55 - 450 = p. Is r composite?
True
Let x(m) = -m**2 - 7*m - 8. Let s be x(-5). Suppose -s = -5*l + 138. Is 5355/l - 3/12 a composite number?
False
Let r = 176 - 178. Is 195056/7 - (r - 15/(-7)) composite?
True
Let m = -10114 + 26985. Is m a composite number?
False
Let c be (0 - 0 - 0) + 2. Let b be -5*((-29)/(-5) + (-51 - -47)). Is (-10847)/b + c/(-9) composite?
True
Suppose -33*r + 38*r - 13107 = 4*z, -r + 2*z = -2613. Is r composite?
True
Suppose 6*x = 3 - 9. Let f be x/((-4 - 0)/8). Suppose 970 = -f*d + 4*d. Is d a composite number?
True
Let k be (42/(-105))/((-2)/20). Suppose 2*a - k*a + 7583 = 3*g, -a + 2*g + 3795 = 0. Is a prime?
True
Is (0 + -2)/((-14)/138383) a composite number?
True
Let a(h) = -h**2 + 20*h + 44. Let s be a(19). Let m = s - 63. Suppose -11*w + 5*w + 6186 = m. Is w a composite number?
False
Is (-927928)/(-14) + (-204)/(-476) composite?
True
Let b = -7270